 5*r + 5*o + 10 - 80 = 0, 4*r + 5*o - 60 = 0. Let u = -5 + r. Let g be (-1)/(-3) - 88/(-6). What is the highest common factor of u and g?
5
Suppose -2*h + 0*h + 84 = 0. Let l(o) = 9*o + 84. Let z be l(14). What is the greatest common factor of h and z?
42
Let x be ((-200)/32)/(-3 - (-69)/24). What is the greatest common factor of x and 1?
1
Suppose 14*h = 36*h + 2222. Let o = h - -107. Calculate the highest common factor of o and 54.
6
Let p be 1/1 + 8/2. Suppose -34 = -5*g + 4*v, -4*v = -g - g + 4. Let a be g/(-2)*(-6 - -5). Calculate the highest common divisor of a and p.
5
Let s = 7 + -6. Let b(n) = -n**3 - 6*n**2 - 3*n + 2. Let t be b(-6). Let o = -12 + t. What is the greatest common factor of o and s?
1
Let o(p) = -4*p**2 + 4*p**3 + 7 + 9*p + 8*p**2 + 2*p**2 - 5*p**3. Let w be o(7). Calculate the greatest common factor of w and 14.
7
Suppose -g - 318 = -5*a, -13 = -a - 4*g + 38. What is the greatest common factor of a and 399?
21
Let l(i) = 31*i**2 - 2*i + 1. Let o be l(1). Suppose -3 = 3*u, a + 7*u = 2*u + 101. Let j = a - 61. What is the highest common divisor of j and o?
15
Suppose -5*h = r - 323, h + 3*r = 3*h - 136. What is the highest common factor of h and 91?
13
Let k(g) be the second derivative of 19*g**3/6 - 9*g**2/2 + 15*g. Let c be k(2). What is the highest common divisor of 232 and c?
29
Suppose -3*t + 24 = 2*p, -2 = -p + 9*t - 13*t. Calculate the greatest common factor of p and 2.
2
Let a = 1055 + -1041. Calculate the greatest common divisor of 14 and a.
14
Suppose -c - 112 = -3*c. Let r(w) = 2*w - 11. Let p(v) = v - 1. Let i(n) = 3*p(n) - r(n). Let t be i(6). Calculate the greatest common divisor of t and c.
14
Let w(z) = -6*z - 369. Let j be w(-62). What is the highest common factor of 9 and j?
3
Let p = -419 + 426. Let w = 32 + -49. Let x = 31 + w. What is the greatest common factor of x and p?
7
Let t be 1*(107/7 - (-8)/(-28)). What is the highest common factor of t and 555?
15
Let r = 111 + -159. Let l = r + 61. Let q = 161 + -96. Calculate the highest common divisor of q and l.
13
Let q(d) = -2*d - 3. Let j(k) = -k**2 - 11*k - 23. Let p be j(-9). Let l be q(p). What is the greatest common factor of 7 and l?
7
Suppose 2*v - 494 = -3*a, 4*a + 92 = -v + 339. Calculate the greatest common divisor of 104 and v.
13
Let r be (-6)/(-21) - (-216)/(-21). Let l = -1 - r. What is the greatest common divisor of l and 6?
3
Let l be ((-150)/(-9))/((-5)/(-15)). Calculate the highest common divisor of 80 and l.
10
Let l = 28 + -31. Let w be (-9)/36*12/l. Calculate the greatest common factor of w and 9.
1
Let z = -792 - -856. Let r be (-32)/(-2)*(6 - 5). Calculate the highest common divisor of r and z.
16
Let u(c) = 1402*c**2 - 2. Let i be u(2). Suppose 11*s - i = -1822. What is the highest common divisor of 43 and s?
43
Suppose 10 - 46 = -3*n. Let x(u) = -43*u + 30. Let b be x(0). What is the greatest common factor of b and n?
6
Suppose -3*l - 12 = -24. What is the highest common factor of 108 and l?
4
Suppose -28 = -4*b - 4*x, 5*b + 2*x - 35 = x. Suppose 2*w = -15*z + 11*z + 18, -w - 19 = -5*z. Calculate the greatest common factor of w and b.
1
Let q(k) = k**3 + 6*k**2 + 5*k + 3. Let p be q(-4). Let b be 2031/27 - ((-316)/36 - -9). What is the highest common divisor of p and b?
15
Let f be (-237 - -240) + 2*7*1. What is the highest common factor of f and 2057?
17
Let b(r) = -131*r + 1054. Let v be b(8). What is the greatest common divisor of v and 258?
6
Let d = 156 + -132. Let a(v) = v**3 + 5*v**2 - 10*v - 8. Let k be a(-6). What is the highest common divisor of d and k?
8
Let u = -61 + 62. Let z be u*50 + (-2 - -4). Calculate the greatest common divisor of z and 13.
13
Suppose 9*s - 156 + 21 = 0. What is the highest common divisor of 6 and s?
3
Suppose 4*z = z + 75. Suppose -4*s + 20 = 5*w, 55*w - 14 = -s + 56*w. Calculate the greatest common factor of z and s.
5
Suppose -g = 3*g. Suppose -56 - 380 = -4*p - 4*z, -3*p - 5*z + 325 = g. Let w be (-153)/(-15) - 4/20. What is the greatest common divisor of p and w?
10
Let g(m) = -m**2 - 3*m + 14. Let l be g(-5). Suppose 3*b = 2*n + 5, -2*b - l*n = -7*b + 5. Calculate the highest common divisor of 2 and b.
1
Let j = 184 - 109. Let y(x) = 4*x**2 + 2*x + 3. Let z be y(-2). What is the highest common factor of z and j?
15
Suppose 0 = -16*f + 21*f + 50. Let d be 48/f*(-170)/51. What is the greatest common factor of 144 and d?
16
Let b be (-30)/8*48/(-18). Calculate the greatest common divisor of b and 10.
10
Suppose 4*v = 4*o - 100, 0 = -v - 4*v - o - 155. Let d = 34 + v. Calculate the greatest common divisor of d and 8.
4
Let o = -62 + 77. Suppose 105 = -8*f + o*f. Calculate the greatest common divisor of 285 and f.
15
Let f = -193 + 202. Let z be ((-2)/6)/(5/(-45)). Calculate the highest common divisor of f and z.
3
Let o = 37 + -53. Let c be o/(-2) + (-5 - -2). Suppose 5*q - 24 = c*y + 91, 0 = -3*q - 5*y + 53. What is the highest common factor of q and 14?
7
Let y = 11 + 129. Suppose -y = -4*f + 28. Calculate the greatest common factor of 63 and f.
21
Suppose -4*z + 284 = 4*i, -4*i + 272 = 3*z - 5*z. Suppose -4*u + 248 = 12. Let t = -36 + u. Calculate the greatest common factor of t and i.
23
Let i be 2*-4*(-63)/(-4). Let f be 20/(-6)*i/35. Calculate the greatest common divisor of 132 and f.
12
Suppose 36*x = 27*x + 27. What is the greatest common divisor of x and 76?
1
Suppose 14*l - 18*l + 48 = 0. Let f = l + 48. Let t(p) = p**3 + 6*p**2 + p - 4. Let d be t(-4). What is the greatest common factor of f and d?
12
Let w(v) = 4*v**2 - 7 - 5*v**2 + 0 - 7*v. Let g be w(-9). Let m = g + 51. What is the greatest common divisor of m and 182?
26
Let t = -151 - -763. What is the greatest common divisor of 36 and t?
36
Suppose 12*n - 31 + 7 = 0. Suppose 4*t = 5*l - 150, -6*l + 4*l = n*t - 42. What is the highest common factor of 78 and l?
26
Suppose 23*m - 4653 = 14*m. Calculate the highest common divisor of 11 and m.
11
Let u be 9*18/(-30) + (-4)/(-10). Let r be 452/5 - (-2)/u. Let m(o) = o**2 + o - 2. Let h be m(4). What is the greatest common divisor of r and h?
18
Let v = 51 - 55. Let k be 6 + -1 + (3 - v). Calculate the greatest common factor of k and 3.
3
Let d(n) = 2*n**3 - 2*n**2 + n - 3. Let p be d(2). Suppose -p*z + 56 = -0*z. Calculate the greatest common divisor of z and 2.
2
Let c be -10 + 8 - (-1 + -8). Suppose -64 = -c*t + 20. Suppose -2*h - 3*r + 128 = -7, 5*r + 95 = 2*h. Calculate the greatest common factor of h and t.
12
Suppose -47*a - 147 = -68*a. Let l be (-18 - -4)*(-2)/4. What is the highest common factor of a and l?
7
Let d be 3*5/(-30)*(-1641 - -3). What is the greatest common factor of 234 and d?
117
Let n be -3 - (1 + -1 - -3). Let m = n - -10. Let g be 6*-10*(-1)/m. Calculate the greatest common factor of 60 and g.
15
Let o be (15/(-25))/(3/(-105)). Suppose -3*a + 6*a - o = 0. Calculate the greatest common factor of a and 7.
7
Suppose -5*w = -203 - 207. Suppose 40 = -2*z - 5*l, z + 34 = -4*z + 4*l. Let k = w + z. Calculate the greatest common divisor of 8 and k.
8
Let q be 1 + 220 - (-2 - -13 - 14). Calculate the highest common divisor of 70 and q.
14
Suppose -55 = -y + 55. Let m be (-3 - -1)/(4*7/(-308)). What is the highest common divisor of m and y?
22
Let u be 1/(1/4) - (-14 - -21). Let t be u/(-9) - (-7310)/30. What is the greatest common factor of t and 61?
61
Let w(s) = -s**3 - 8*s**2 - 6*s + 26. Let l be w(-9). Suppose 0 = -3*n + 51 + 87. What is the highest common factor of l and n?
23
Let v(i) = 2*i**2 + 7*i + 9. Let o be v(-2). Let l be (o + 23)*18/4. What is the highest common divisor of l and 13?
13
Let c(z) = z**2 + 17*z - 81. Let v be c(-23). What is the greatest common factor of v and 285?
57
Let r = 183 + -105. What is the highest common divisor of 130 and r?
26
Let q(m) = -2*m**3 + m**2 - 2*m - 4. Let l(o) = o + 10. Let n be l(-5). Suppose -n*h = -3*h + 4. Let x be q(h). What is the greatest common factor of x and 10?
10
Suppose -13*f - 2*m - 116 = -15*f, 0 = -f - 3*m + 66. Suppose 0 = -0*p - p + 5, v + p - 25 = 0. What is the greatest common factor of v and f?
20
Suppose p + 6*n - 9*n = 559, 5*p - 2730 = 2*n. What is the highest common factor of p and 17?
17
Suppose 3*c - 3*c = -7*c. Suppose c = -7*g + 322 - 70. Calculate the highest common factor 